False
Is 36 a factor of 972?
True
Is 63 a factor of 4060?
False
Is 12 a factor of 29713?
False
Is 71838 a multiple of 10?
False
Is 11 a factor of 4257?
True
Is 1296 a multiple of 16?
True
Does 69 divide 621?
True
Is 36 a factor of 8627?
False
Is 16425 a multiple of 15?
True
Is 53 a factor of 1563?
False
Is 1543 a multiple of 4?
False
Does 122 divide 36058?
False
Is 25 a factor of 5631?
False
Does 6 divide 1770?
True
Does 16 divide 37936?
True
Is 84 a factor of 3718?
False
Does 78 divide 6058?
False
Is 4876 a multiple of 92?
True
Is 53 a multiple of 34?
False
Is 4 a factor of 307?
False
Is 823 a multiple of 81?
False
Does 35 divide 490?
True
Is 141 a multiple of 3?
True
Does 34 divide 2521?
False
Is 7 a factor of 49?
True
Does 8 divide 841?
False
Is 31 even?
False
Is 279 a multiple of 37?
False
Is 21942 a multiple of 46?
True
Is 1122 a multiple of 66?
True
Does 25 divide 2750?
True
Does 44 divide 10522?
False
Does 58 divide 290?
True
Is 11 a factor of 199?
False
Is 502 a multiple of 13?
False
Does 54 divide 11664?
True
Does 27 divide 254?
False
Does 75 divide 1200?
True
Does 6 divide 13038?
True
Is 50 a factor of 300?
True
Is 615 a multiple of 11?
False
Is 13 a factor of 4031?
False
Is 12 a factor of 1692?
True
Is 13542 a multiple of 74?
True
Is 2422 a multiple of 6?
False
Is 33926 a multiple of 19?
False
Does 15 divide 6508?
False
Does 35 divide 67025?
True
Does 7 divide 4718?
True
Does 6 divide 21942?
True
Is 47470 a multiple of 202?
True
Does 14 divide 42784?
True
Is 5687 a multiple of 47?
True
Is 38 a factor of 1406?
True
Does 37 divide 10530?
False
Is 43 a factor of 2365?
True
Is 198 a factor of 106920?
True
Is 24 a factor of 8876?
False
Is 10 a factor of 992?
False
Is 21437 a multiple of 384?
False
Is 5 a factor of 115?
True
Is 41 a factor of 11747?
False
Is 54 a factor of 2484?
True
Does 196 divide 27857?
False
Is 79 a factor of 21093?
True
Is 19322 a multiple of 15?
False
Is 12 a factor of 708?
True
Is 2682 a multiple of 25?
False
Is 110 a factor of 19048?
False
Is 3112 a multiple of 12?
False
Is 77748 a multiple of 19?
True
Is 16 a factor of 7079?
False
Is 35680 a multiple of 40?
True
Does 180 divide 5473?
False
Is 34 a factor of 1632?
True
Is 21 a factor of 39153?
False
Does 125 divide 2054?
False
Does 10 divide 4849?
False
Is 54 a factor of 10875?
False
Does 82 divide 25174?
True
Is 1368 a multiple of 24?
True
Does 16 divide 84256?
True
Does 81 divide 40824?
True
Is 6930 a multiple of 6?
True
Does 38 divide 35840?
False
Does 14 divide 4225?
False
Does 33 divide 5577?
True
Does 62 divide 1018?
False
Is 29 a factor of 493?
True
Is 2510 a multiple of 107?
False
Is 11 a factor of 49808?
True
Does 3 divide 312?
True
Is 456 a multiple of 16?
False
Is 639 a multiple of 53?
False
Does 10 divide 15870?
True
Is 3 a factor of 116?
False
Is 26 a factor of 5798?
True
Is 15 a factor of 198810?
True
Does 8 divide 2344?
True
Is 5189 a multiple of 48?
False
Is 25691 a multiple of 24?
False
Is 1150 a multiple of 130?
False
Does 59 divide 118?
True
Is 71 a factor of 813?
False
Does 32 divide 15303?
False
Is 38 a factor of 8474?
True
Is 432 a multiple of 8?
True
Is 100 a factor of 22100?
True
Is 5 a factor of 12370?
True
Does 14 divide 3318?
True
Is 16 a factor of 41904?
True
Is 416 a multiple of 13?
True
Does 12 divide 1442?
False
Does 4 divide 168?
True
Is 6 a factor of 25805?
False
Is 69 a factor of 2898?
True
Is 5 a factor of 595?
True
Is 17 a factor of 1139?
True
Is 10 a factor of 557?
False
Does 21 divide 567?
True
Does 11 divide 484?
True
Does 34 divide 782?
True
Is 50 a factor of 2132?
False
Is 32071 a multiple of 228?
False
Is 10406 a multiple of 11?
True
Is 20193 a multiple of 57?
False
Is 85 a factor of 9435?
True
Is 95879 a multiple of 186?
False
Does 7 divide 329?
True
Is 96 a factor of 3264?
True
Does 13 divide 269?
False
Is 12609 a multiple of 30?
False
Is 10 a factor of 50790?
True
Does 9 divide 112662?
True
Is 8 a factor of 4443?
False
Does 19 divide 551?
True
Is 6 a factor of 803?
False
Is 13 a factor of 4849?
True
Is 10 a factor of 883?
False
Is 3358 a multiple of 3?
False
Is 31 a factor of 19638?
False
Is 25110 a multiple of 45?
True
Is 9 a factor of 1656?
True
Is 20 a multiple of 2?
True
Is 36 a factor of 720?
True
Is 9 a factor of 3022?
False
Is 2376 a multiple of 33?
True
Is 71 a factor of 20945?
True
Is 5 a factor of 4156?
False
Is 11 a factor of 4593?
False
Does 32 divide 352?
True
Is 196 a factor of 2919?
False
Is 18 a factor of 1116?
True
Is 4976 a multiple of 78?
False
Is 21 a factor of 14768?
False
Does 48 divide 1824?
True
Is 32 a factor of 3456?
True
Is 13948 a multiple of 325?
False
Is 189 a multiple of 7?
True
Does 13 divide 29398?
False
Is 14 a factor of 1848?
True
Does 27 divide 37408?
False
Is 2 a factor of 715?
False
Is 44255 a multiple of 5?
True
Is 840 a multiple of 20?
True
Is 113 a factor of 3955?
True
Is 11009 a multiple of 109?
True
Is 20277 a multiple of 125?
False
Is 20 a factor of 76602?
False
Does 5 divide 152?
False
Does 3 divide 46?
False
Is 273 a multiple of 21?
True
Does 19 divide 399?
True
Is 3742 a multiple of 17?
False
Is 19 a factor of 2296?
False
Does 17 divide 651?
False
Is 139832 a multiple of 14?
True
Is 233 a multiple of 28?
False
Is 10260 a multiple of 108?
True
Does 54 divide 2256?
False
Does 223 divide 446?
True
Does 33 divide 762?
False
Does 63 divide 1922?
False
Is 145 a multiple of 5?
True
Is 4830 a multiple of 16?
False
Is 93060 a multiple of 66?
True
Is 82432 a multiple of 16?
True
Is 61 a multiple of 3?
False
Is 31 a factor of 2628?
False
Is 24597 a multiple of 235?
False
Is 1236 a multiple of 103?
True
Is 588 a multiple of 4?
True
Does 20 divide 60?
True
Is 6 a factor of 330?
True
Is 88 a factor of 16521?
False
Is 476 a multiple of 106?
False
Does 39 divide 896?
False
Is 9 a factor of 2021?
False
Does 161 divide 17120?
False
Is 222 a factor of 88080?
False
Is 48 a multiple of 6?
True
Is 1577 a multiple of 2?
False
Is 22806 a multiple of 42?
True
Is 1092 a multiple of 3?
True
Does 8 divide 25366?
False
Does 3 divide 922?
False
Is 1253 a multiple of 7?
True
Is 24 a factor of 2146?
False
Is 11178 a multiple of 109?
False
Is 17 a factor of 544?
True
Is 3800 a multiple of 76?
True
Is 6 a factor of 126?
True
Is 4 a factor of 1164?
True
Is 4 a factor of 19540?
True
Is 16 a factor of 432?
True
Is 69 a factor of 13593?
True
Does 31 divide 288?
False
Does 9 divide 28919?
False
Does 66 divide 207?
False
Is 77 a factor of 133?
False
Is 6804 a multiple of 28?
True
Does 42 divide 11892?
False
Is 98 a factor of 6258?
False
Is 42792 a multiple of 7?
False
Does 10 divide 436?
False
Is 20 a factor of 100?
True
Is 10230 a multiple of 31?
True
Is 1854 a multiple of 103?
True
Is 5040 a multiple of 18?
True
Does 72 divide 10584?
True
Is 27 a factor of 10158?
False
Does 19 divide 2182?
False
Is 18 a factor of 5330?
False
Is 1233 a multiple of 9?
True
Is 17 a factor of 114478?
True
Is 7398 a multiple of 30?
False
Does 6 divide 12132?
True
Does 14 divide 1176?
True
Does 27 divide 3922?
False
Is 5436 a multiple of 94?
False
Is 204 a factor of 38964?
True
Is 550 a multiple of 55?
True
Is 15 a factor of 49?
False
Is 2 a factor of 110?
True
Is 18 a factor of 724?
False
Is 20 a factor of 740?
True
Is 125277 a multiple of 275?
False
Does 32 divide 5470?
False
Does 62 divide 2037?
False
Is 9 a factor of 6977?
False
Does 35 divide 980?
True
Is 672 a multiple of 84?
True
Is 3080 a multiple of 20?
True
Does 85 divide 255?
True
Is 7 a factor of 37?
False
Does 21 divide 5033?
False
Is 832 a multiple of 8?
True
Is 2655 a multiple of 45?
True
Does 39 divide 854?
False
Is 135 even?
False
Does 12 divide 432?
True
Is 89 a factor of 5874?
True
Does 4 divide 500?
True
Does 19 divide 1140?
True
Does 31 divide 709?
False
Is 227 a multiple of 2?
False
Does 3 divide 174?
True
Does 11 divide 1491?
False
Is 10863 a multiple of 15?
False
Is 2772 a multiple of 21?
True
Is 13 a factor of 286?
True
Is 17474 a multiple of 18?
False
Is 6189 a multiple of 26?
False
Does 18 divide 1116?
True
Is 502 a multiple of 95?
False
Is 49887 a multiple of 23?
True
Does 2 divide 1022?
True
Is 196 a multiple of 10?
False
Is 105 a factor of 17201?
False
Is 8518 a multiple of 57?
False
Does 16 divide 288?
True
Is 12 a factor of 2028?
True
Is 29 a fact